{"id":141671,"date":"2025-01-09T09:44:50","date_gmt":"2025-01-09T08:44:50","guid":{"rendered":"https:\/\/gellinna.com\/?post_type=product&#038;p=141671"},"modified":"2026-06-03T16:32:46","modified_gmt":"2026-06-03T14:32:46","slug":"set3-panchina-2pouf-cont-derrick-blush","status":"publish","type":"product","link":"https:\/\/gellinna.com\/de\/shop\/innenraumgestaltung-2\/banke-2\/set3-panchina-2pouf-cont-derrick-blush","title":{"rendered":"Set3 Bank-2Pouf Cont. Derrick Err\u00f6ten"},"content":{"rendered":"<p>Eleganza e funzionalit\u00e0 per i tuoi spazi interni: il Set Derrick Blush \u00e8 composto da una panca con contenitore e due pouf, perfetti per arredare salotti, ingressi o camere da letto con uno stile moderno e pratico. Il rivestimento effetto boucl\u00e9 dona un tocco raffinato e accogliente.<\/p>\n<p>Hauptmerkmale:<\/p>\n<p>Hochwertige Materialien:<br \/>\nDie Struktur aus Kiefernholz sorgt f\u00fcr zus\u00e4tzliche Stabilit\u00e4t.<br \/>\nKunststofff\u00fc\u00dfe (PP) f\u00fcr Stabilit\u00e4t und Oberfl\u00e4chenschutz.<br \/>\nTextilbezug: Au\u00dfen Polyester mit Boucl\u00e9-Effekt f\u00fcr einen modernen, weichen Look, innen strapazierf\u00e4higes Polyester.<br \/>\nZus\u00e4tzliche Funktionalit\u00e4t: Die Bank ist mit Stauraum ausgestattet und sorgt f\u00fcr Ordnung im Raum.<br \/>\nEinfacher Zusammenbau: Erfordert einfache Montage mit klaren Anweisungen.<\/p>\n<p>Abmessungen:<\/p>\n<p>Fu\u00dfhocker (2 St\u00fcck): 40 x 40 x 40 cm<br \/>\nBank mit Ablage: 89 x 89 x 89 cm<\/p>\n<p>Il Set Derrick Blush \u00e8 una soluzione elegante e pratica per chi cerca comfort e spazio extra per riporre oggetti. Ideale per aggiungere un tocco sofisticato e funzionale ai tuoi interni!<\/p>","protected":false},"excerpt":{"rendered":"<p>Eleganza e funzionalit\u00e0 per i tuoi spazi interni: il Set Derrick Blush \u00e8 composto da una panca con contenitore e due pouf, perfetti per arredare salotti, ingressi o camere da letto con uno stile moderno e pratico. Il rivestimento effetto boucl\u00e9 dona un tocco raffinato e accogliente.<\/p>","protected":false},"featured_media":141672,"template":"","meta":{"rs_blank_template":"","rs_page_bg_color":"","slide_template_v7":""},"product_brand":[1170],"product_cat":[37,51,90],"product_tag":[],"class_list":["post-141671","product","type-product","status-publish","has-post-thumbnail","product_brand-yes","product_cat-indoor-design","product_cat-panche","product_cat-pouf","first","instock","sale","purchasable","product-type-simple"],"_links":{"self":[{"href":"https:\/\/gellinna.com\/de\/wp-json\/wp\/v2\/product\/141671","targetHints":{"allow":["GET"]}}],"collection":[{"href":"https:\/\/gellinna.com\/de\/wp-json\/wp\/v2\/product"}],"about":[{"href":"https:\/\/gellinna.com\/de\/wp-json\/wp\/v2\/types\/product"}],"version-history":[{"count":0,"href":"https:\/\/gellinna.com\/de\/wp-json\/wp\/v2\/product\/141671\/revisions"}],"wp:featuredmedia":[{"embeddable":true,"href":"https:\/\/gellinna.com\/de\/wp-json\/wp\/v2\/media\/141672"}],"wp:attachment":[{"href":"https:\/\/gellinna.com\/de\/wp-json\/wp\/v2\/media?parent=141671"}],"wp:term":[{"taxonomy":"product_brand","embeddable":true,"href":"https:\/\/gellinna.com\/de\/wp-json\/wp\/v2\/product_brand?post=141671"},{"taxonomy":"product_cat","embeddable":true,"href":"https:\/\/gellinna.com\/de\/wp-json\/wp\/v2\/product_cat?post=141671"},{"taxonomy":"product_tag","embeddable":true,"href":"https:\/\/gellinna.com\/de\/wp-json\/wp\/v2\/product_tag?post=141671"}],"curies":[{"name":"wp","href":"https:\/\/api.w.org\/{rel}","templated":true}]}}

Set3 Bank-2Pouf Cont. Derrick Erröten

<p>Eleganza e funzionalità per i tuoi spazi interni: il Set Derrick Blush è composto da una panca con contenitore e due pouf, perfetti per arredare salotti, ingressi o camere da letto con uno stile moderno e pratico. Il rivestimento effetto bouclé dona un tocco raffinato e accogliente.</p>
<p>Hauptmerkmale:</p>
<p>Hochwertige Materialien:<br />
Die Struktur aus Kiefernholz sorgt für zusätzliche Stabilität.<br />
Kunststofffüße (PP) für Stabilität und Oberflächenschutz.<br />
Textilbezug: Außen Polyester mit Bouclé-Effekt für einen modernen, weichen Look, innen strapazierfähiges Polyester.<br />
Zusätzliche Funktionalität: Die Bank ist mit Stauraum ausgestattet und sorgt für Ordnung im Raum.<br />
Einfacher Zusammenbau: Erfordert einfache Montage mit klaren Anweisungen.</p>
<p>Abmessungen:</p>
<p>Fußhocker (2 Stück): 40 x 40 x 40 cm<br />
Bank mit Ablage: 89 x 89 x 89 cm</p>
<p>Il Set Derrick Blush è una soluzione elegante e pratica per chi cerca comfort e spazio extra per riporre oggetti. Ideale per aggiungere un tocco sofisticato e funzionale ai tuoi interni!</p>

<p>Eleganza e funzionalità per i tuoi spazi interni: il Set Derrick Blush è composto da una panca con contenitore e due pouf, perfetti per arredare salotti, ingressi o camere da letto con uno stile moderno e pratico. Il rivestimento effetto bouclé dona un tocco raffinato e accogliente.</p>
