{"id":134901,"date":"2024-10-15T10:42:17","date_gmt":"2024-10-15T08:42:17","guid":{"rendered":"https:\/\/gellinna.com\/?post_type=product&#038;p=134901"},"modified":"2026-03-13T14:41:56","modified_gmt":"2026-03-13T13:41:56","slug":"albero-di-natale-edg-pino-merano-innevato-180-cm-con-550-led","status":"publish","type":"product","link":"https:\/\/gellinna.com\/fr\/boutique\/noel\/arbres\/albero-di-natale-edg-pino-merano-innevato-180-cm-con-550-led","title":{"rendered":"Sapin de No\u00ebl en pin de Merano 180 cm avec 550 LEDs"},"content":{"rendered":"<p>Sapin de No\u00ebl en pin de Merano Enzo de Gasperi 180 cm, diam\u00e8tre 117 cm et avec 550 LED.<\/p>\n<p>Uno dei pi\u00f9 belli della collezione, il Pino Merano innevato di Enzo de Gasperi si contraddistingue per il suo particolare colore naturale, la sua imponenza e la sua folta chioma.<br \/>\nL&#8217;albero ha un&#8217;altezza di 1.80 mt, con 842 rami innevati e 550 luci led incorporate.<br \/>\nLa presenza dei microled inseriti in modo perfetto all&#8217;interno della chioma, vi evita la fatica di mettere le luci, che, diciamocela tutta, \u00e8 la parte pi\u00f9 scocciante quando si monta l&#8217;albero di Natale. Insomma, inserite la spina e godetevi la magia del Natale.<\/p>\n<p>Les d\u00e9corations et le mobilier de No\u00ebl d'EDG sont parfaits pour d\u00e9corer votre maison pendant les f\u00eates de fin d'ann\u00e9e. Ils sont \u00e9l\u00e9gants, lumineux, harmonieux, chacun avec son propre style : il ne vous reste plus qu'\u00e0 choisir le v\u00f4tre !<\/p>\n<p>Base en m\u00e9tal<br \/>\nPE mixte PVC<br \/>\nFacile \u00e0 assembler et \u00e0 ranger<br \/>\nMat\u00e9riau ignifuge et non toxique<br \/>\nParapluie automatique Ouverture de branche d'arbre<br \/>\nColore: Bianco<br \/>\nAlimentation \u00e9lectrique : 230V<br \/>\nC\u00e2ble d'alimentation 5 m<br \/>\nCERTIFI\u00c9 IP44 POUR UNE UTILISATION INT\u00c9RIEURE ET EXT\u00c9RIEURE<br \/>\nInstructions d'assemblage de l'arbre incluses<br \/>\nDiametro: 1.17 mt<\/p>\n<p>COFFRE NON INCLUS<\/p>","protected":false},"excerpt":{"rendered":"<p>Sapin de No\u00ebl en pin de Merano Enzo de Gasperi 180 cm, diam\u00e8tre 117 cm et avec 550 LED.<\/p>","protected":false},"featured_media":134902,"template":"","meta":{"rs_blank_template":"","rs_page_bg_color":"","slide_template_v7":""},"product_brand":[1172],"product_cat":[830,40],"product_tag":[853,1049,1050,1051,1052,1053,1054,1055,1056,1057,1058,1059,1060,1061,1062,1063,1071,1064,1065,1066,1067,1068,1069,1072,857],"class_list":["post-134901","product","type-product","status-publish","has-post-thumbnail","product_brand-edg","product_cat-alberi","product_cat-natale","product_tag-acquista-alberi-di-natale-online","product_tag-addobbi-natalizi-di-alta-gamma-addobbi-natalizi-di-alta-gamma","product_tag-alberi-di-natale-artificiali-alberi-di-natale-artificiali","product_tag-alberi-di-natale-bizzotto-alberi-di-natale-bizzotto","product_tag-alberi-di-natale-bizzotto-originali-alberi-di-natale-bizzotto-originali","product_tag-alberi-di-natale-con-consegna-in-europa-alberi-di-natale-con-consegna-in-europa","product_tag-alberi-di-natale-con-consegna-in-italia-alberi-di-natale-con-consegna-in-italia","product_tag-alberi-di-natale-con-luci-alberi-di-natale-con-luci","product_tag-alberi-di-natale-decorativi-alberi-di-natale-decorativi","product_tag-alberi-di-natale-di-alta-qualita-alberi-di-natale-di-alta-qualita","product_tag-alberi-di-natale-di-lusso-edg-alberi-di-natale-di-lusso-edg","product_tag-alberi-di-natale-edg-alberi-di-natale-edg","product_tag-alberi-di-natale-edg-originali-alberi-di-natale-edg-originali","product_tag-alberi-di-natale-in-vendita-in-italia-alberi-di-natale-in-vendita-in-italia","product_tag-alberi-di-natale-premium-alberi-di-natale-premium","product_tag-alberi-di-natale-realistici-alberi-di-natale-realistici","product_tag-base-albero-tronco","product_tag-collezione-natalizia-edg-collezione-natalizia-edg","product_tag-decorazioni-natalizie-bizzotto-decorazioni-natalizie-bizzotto","product_tag-decorazioni-natalizie-eleganti-decorazioni-natalizie-eleganti","product_tag-design-esclusivo-bizzotto-design-esclusivo-bizzotto","product_tag-edgclicca-edgclicca","product_tag-migliori-alberi-di-natale-2024-migliori-alberi-di-natale-2024","product_tag-tronco-di-natale","product_tag-vendita-alberi-di-natale-online","first","outofstock","sale","purchasable","product-type-simple"],"_links":{"self":[{"href":"https:\/\/gellinna.com\/fr\/wp-json\/wp\/v2\/product\/134901","targetHints":{"allow":["GET"]}}],"collection":[{"href":"https:\/\/gellinna.com\/fr\/wp-json\/wp\/v2\/product"}],"about":[{"href":"https:\/\/gellinna.com\/fr\/wp-json\/wp\/v2\/types\/product"}],"version-history":[{"count":0,"href":"https:\/\/gellinna.com\/fr\/wp-json\/wp\/v2\/product\/134901\/revisions"}],"wp:featuredmedia":[{"embeddable":true,"href":"https:\/\/gellinna.com\/fr\/wp-json\/wp\/v2\/media\/134902"}],"wp:attachment":[{"href":"https:\/\/gellinna.com\/fr\/wp-json\/wp\/v2\/media?parent=134901"}],"wp:term":[{"taxonomy":"product_brand","embeddable":true,"href":"https:\/\/gellinna.com\/fr\/wp-json\/wp\/v2\/product_brand?post=134901"},{"taxonomy":"product_cat","embeddable":true,"href":"https:\/\/gellinna.com\/fr\/wp-json\/wp\/v2\/product_cat?post=134901"},{"taxonomy":"product_tag","embeddable":true,"href":"https:\/\/gellinna.com\/fr\/wp-json\/wp\/v2\/product_tag?post=134901"}],"curies":[{"name":"wp","href":"https:\/\/api.w.org\/{rel}","templated":true}]}}

Sapin de Noël en pin de Merano 180 cm avec 550 LEDs

<p>Sapin de Noël en pin de Merano Enzo de Gasperi 180 cm, diamètre 117 cm et avec 550 LED.</p>
<p>Uno dei più belli della collezione, il Pino Merano innevato di Enzo de Gasperi si contraddistingue per il suo particolare colore naturale, la sua imponenza e la sua folta chioma.<br />
L&#8217;albero ha un&#8217;altezza di 1.80 mt, con 842 rami innevati e 550 luci led incorporate.<br />
La presenza dei microled inseriti in modo perfetto all&#8217;interno della chioma, vi evita la fatica di mettere le luci, che, diciamocela tutta, è la parte più scocciante quando si monta l&#8217;albero di Natale. Insomma, inserite la spina e godetevi la magia del Natale.</p>
<p>Les décorations et le mobilier de Noël d'EDG sont parfaits pour décorer votre maison pendant les fêtes de fin d'année. Ils sont élégants, lumineux, harmonieux, chacun avec son propre style : il ne vous reste plus qu'à choisir le vôtre !</p>
<p>Base en métal<br />
PE mixte PVC<br />
Facile à assembler et à ranger<br />
Matériau ignifuge et non toxique<br />
Parapluie automatique Ouverture de branche d'arbre<br />
Colore: Bianco<br />
Alimentation électrique : 230V<br />
Câble d'alimentation 5 m<br />
CERTIFIÉ IP44 POUR UNE UTILISATION INTÉRIEURE ET EXTÉRIEURE<br />
Instructions d'assemblage de l'arbre incluses<br />
Diametro: 1.17 mt</p>
<p>COFFRE NON INCLUS</p>

<p>Sapin de Noël en pin de Merano Enzo de Gasperi 180 cm, diamètre 117 cm et avec 550 LED.</p>
