{"id":141896,"date":"2025-01-09T16:04:11","date_gmt":"2025-01-09T15:04:11","guid":{"rendered":"https:\/\/gellinna.com\/?post_type=product&#038;p=141896"},"modified":"2026-06-03T16:31:37","modified_gmt":"2026-06-03T14:31:37","slug":"pouf-cont-jocelyn-velluto-rosa-antico","status":"publish","type":"product","link":"https:\/\/gellinna.com\/fr\/boutique\/amenagement-interieur\/pouf\/pouf-cont-jocelyn-velluto-rosa-antico","title":{"rendered":"Pouf Cont. Jocelyn Velours Rose Antique"},"content":{"rendered":"<p>Eleganza sofisticata e funzionalit\u00e0 per i tuoi interni: il Pouf Contenitore Jocelyn in Velluto Rosa Antico \u00e8 un elemento decorativo e pratico, ideale per aggiungere stile e spazio extra a salotti, camere da letto o ingressi. Con il suo design unico e il rivestimento in velluto, si adatta a qualsiasi ambiente moderno o classico.<\/p>\n<p>Caract\u00e9ristiques principales :<\/p>\n<p>Structure robuste : fabriqu\u00e9e en MDF, elle garantit la solidit\u00e9 et la stabilit\u00e9.<br \/>\nRembourrage confortable : mousse de polyur\u00e9thane pour un soutien doux et confortable.<br \/>\nRev\u00eatement en velours : tissu doux au toucher (100% polyester) donnant un aspect luxueux et raffin\u00e9 en bleu.<br \/>\nFonction de rangement : compartiment int\u00e9rieur spacieux, id\u00e9al pour ranger des objets et garder la pi\u00e8ce en ordre.<br \/>\nDesign distinctif : la forme particuli\u00e8re du meuble lui conf\u00e8re un caract\u00e8re unique.<\/p>\n<p>Dimensions :<\/p>\n<p>Largeur (a) : 40 cm<br \/>\nProfondeur (b) : 40 cm<br \/>\nHauteur (h) : 40 cm<\/p>\n<p>Il Pouf Contenitore Jocelyn in Velluto Rosa Antico \u00e8 una scelta ideale per chi cerca un accessorio funzio<\/p>","protected":false},"excerpt":{"rendered":"<p>Eleganza sofisticata e funzionalit\u00e0 per i tuoi interni: il Pouf Contenitore Jocelyn in Velluto Rosa Antico \u00e8 un elemento decorativo e pratico, ideale per aggiungere stile e spazio extra a salotti, camere da letto o ingressi. Con il suo design unico e il rivestimento in velluto, si adatta a qualsiasi ambiente moderno o classico.<\/p>","protected":false},"featured_media":141898,"template":"","meta":{"rs_blank_template":"","rs_page_bg_color":"","slide_template_v7":""},"product_brand":[1170],"product_cat":[37,90],"product_tag":[],"class_list":["post-141896","product","type-product","status-publish","has-post-thumbnail","product_brand-yes","product_cat-indoor-design","product_cat-pouf","first","instock","sale","purchasable","product-type-simple"],"_links":{"self":[{"href":"https:\/\/gellinna.com\/fr\/wp-json\/wp\/v2\/product\/141896","targetHints":{"allow":["GET"]}}],"collection":[{"href":"https:\/\/gellinna.com\/fr\/wp-json\/wp\/v2\/product"}],"about":[{"href":"https:\/\/gellinna.com\/fr\/wp-json\/wp\/v2\/types\/product"}],"version-history":[{"count":0,"href":"https:\/\/gellinna.com\/fr\/wp-json\/wp\/v2\/product\/141896\/revisions"}],"wp:featuredmedia":[{"embeddable":true,"href":"https:\/\/gellinna.com\/fr\/wp-json\/wp\/v2\/media\/141898"}],"wp:attachment":[{"href":"https:\/\/gellinna.com\/fr\/wp-json\/wp\/v2\/media?parent=141896"}],"wp:term":[{"taxonomy":"product_brand","embeddable":true,"href":"https:\/\/gellinna.com\/fr\/wp-json\/wp\/v2\/product_brand?post=141896"},{"taxonomy":"product_cat","embeddable":true,"href":"https:\/\/gellinna.com\/fr\/wp-json\/wp\/v2\/product_cat?post=141896"},{"taxonomy":"product_tag","embeddable":true,"href":"https:\/\/gellinna.com\/fr\/wp-json\/wp\/v2\/product_tag?post=141896"}],"curies":[{"name":"wp","href":"https:\/\/api.w.org\/{rel}","templated":true}]}}

<p>Eleganza sofisticata e funzionalità per i tuoi interni: il Pouf Contenitore Jocelyn in Velluto Rosa Antico è un elemento decorativo e pratico, ideale per aggiungere stile e spazio extra a salotti, camere da letto o ingressi. Con il suo design unico e il rivestimento in velluto, si adatta a qualsiasi ambiente moderno o classico.</p>
<p>Caractéristiques principales :</p>
<p>Structure robuste : fabriquée en MDF, elle garantit la solidité et la stabilité.<br />
Rembourrage confortable : mousse de polyuréthane pour un soutien doux et confortable.<br />
Revêtement en velours : tissu doux au toucher (100% polyester) donnant un aspect luxueux et raffiné en bleu.<br />
Fonction de rangement : compartiment intérieur spacieux, idéal pour ranger des objets et garder la pièce en ordre.<br />
Design distinctif : la forme particulière du meuble lui confère un caractère unique.</p>
<p>Dimensions :</p>
<p>Largeur (a) : 40 cm<br />
Profondeur (b) : 40 cm<br />
Hauteur (h) : 40 cm</p>
<p>Il Pouf Contenitore Jocelyn in Velluto Rosa Antico è una scelta ideale per chi cerca un accessorio funzio</p>

<p>Eleganza sofisticata e funzionalità per i tuoi interni: il Pouf Contenitore Jocelyn in Velluto Rosa Antico è un elemento decorativo e pratico, ideale per aggiungere stile e spazio extra a salotti, camere da letto o ingressi. Con il suo design unico e il rivestimento in velluto, si adatta a qualsiasi ambiente moderno o classico.</p>
